c**3 - 139*c**2 - 122*c**2 + 91*c - 2*c**3 - 3 + 362*c**2 - 134*c**2. Calculate m(13).
-3
Let q(u) = u + 8. Suppose 620 = -58*n + 330. Determine q(n).
3
Let b(p) = 72*p - 16. Let r(n) = -23*n + 5. Let z(u) = -2*b(u) - 7*r(u). Suppose 4*x - 2*x = -5*w - 1, 3*w + 1 = -x. Calculate z(x).
31
Let k = 5786 + -5785. Let p(h) = 33*h**3 + 2*h**2 - 3*h + 1. What is p(k)?
33
Let t be 3/(-5 - -2) + -2 - 1. Let m(c) = 31*c + 4*c - 42*c - 4. Calculate m(t).
24
Suppose -3*x = x - 32. Let i(d) = 2*d - 140. Let a(y) = -3*y + 168. Let t(l) = -5*a(l) - 6*i(l). Calculate t(x).
24
Let u(l) = 6*l - 6. Let n be 9 + 3/27*0. Determine u(n).
48
Suppose 0 = -4*o - 3*w + 29, 2*o = o - 3*w + 14. Suppose -6 = -o*f + 3*f. Let t(g) = 4*g**2 + 2 + 2*g - 2*g**2 - g**3 + 2*g**2. Determine t(f).
17
Let u(f) = 26*f - 148. Suppose 42*k + 570 = 137*k. Calculate u(k).
8
Let l = -1513 + 1513. Let i(h) be the third derivative of l*h - 1/8*h**4 + 1/3*h**3 + 0 + 14*h**2. Determine i(3).
-7
Suppose 5 = x, -3*x = 4*j - 6*x + 35. Let s(a) = 4*a + 2. Let i(n) = -n - 7 + 4 - 3*n. Let b(c) = 3*i(c) + 2*s(c). Give b(j).
15
Let c(t) be the third derivative of 3*t**4/8 - 33*t**3/2 - 10*t**2 + 20*t - 3. Calculate c(12).
9
Let t(w) = 70*w - 15*w - 46*w - 8*w. What is t(2)?
2
Let x(d) = 7*d + 127*d**3 - 119 + 4*d**2 + 64 - 2*d - 126*d**3 + 61. What is x(-4)?
-14
Let c(t) = 25*t + 42. Suppose 5454*z = 5427*z - 54. What is c(z)?
-8
Suppose -2*y + 44 = 2*y. Let d(z) = 474*z + 6262. Let l be d(-13). Let o(g) = y*g**2 - 2*g**3 - 12*g - 91 + l + g**3. Determine o(10).
-11
Let a(p) = 13*p**2 - 11*p - 2. Let y(q) = 2*q**2 - 6*q. Let d(c) = a(c) - 2*y(c). Determine d(3).
82
Suppose -3*z - 9 = -2*l, -5*z + 206*l - 210*l = 37. Let d(j) = j + 8. Calculate d(z).
3
Let m(p) = -3*p**2 - 8*p + 38. Let w(u) = 7*u**2 + 19*u - 89. Let x(q) = -19*m(q) - 8*w(q). Give x(-5).
15
Suppose 2*n = -3*u - 22, -2*n - 4*u - 33 + 9 = 0. Let g(j) = -5*j + 3*j + 6*j - 2*j + 7 - 13. Determine g(n).
-22
Let y(j) = j**2 + 5*j - 4. Let v be y(-5). Let h(p) be the first derivative of -p + 4 + 5/2*p**2 + 1/3*p**3. Calculate h(v).
-5
Let x(p) = 3*p**2 + 10*p - 519. Let a be x(10). Suppose 3*j + 0*j + 366 = 0. Let o = a - j. Let v(d) = d**3 - 2*d**2 - 3*d + 3. Determine v(o).
3
Let w(s) = -s**2 + 9*s - 12. Suppose -3*t - 4*l + 37 = 0, -4*t = 36*l - 38*l - 20. Give w(t).
2
Let g(f) = 80*f + 1275. Let z be g(-16). Let d(y) = y**2 + 6*y - 4. What is d(z)?
-9
Let c = 34 - 34. Suppose -5*b - 2 = q, -2*q + c*b = -3*b - 22. Let g(l) = l + 1 - 8 - 3. Calculate g(q).
-2
Let j = -172 - -176. Suppose h = i + 5*h - 15, 30 = -2*i + j*h. Let y(r) = -r**3 - 7*r**2 - 2*r + 7. Calculate y(i).
-33
Let s(x) be the second derivative of x**4/12 - 11*x**3/6 + 3*x**2/2 - 3*x + 11. Let r be ((-11)/(-3) - 1)*3. Calculate s(r).
-21
Let v(x) = x**3 - 8*x**2 - 9*x + 6. Let t be (-20)/(6 - 11) - -5. Let p be v(t). Let g(c) = c**3 - 7*c**2 + 6*c + 7. What is g(p)?
7
Let m = 50 + -23. Let k be 4/12 + (0 - (-380)/12). Suppose 0 = -k*l + m*l + 20. Let o(j) = j**3 - 4*j**2 - 4. Calculate o(l).
-4
Suppose -23*g - 28 = n - 27*g, 0 = 4*n + 6*g - 42. Let x(q) be the second derivative of -1/12*q**4 - 2*q**2 - 4/3*q**3 - q + n. Give x(-7).
3
Let y be ((168/(-7))/(-6))/(((-18)/(-45))/1). Let n(f) = -f**3 + 12*f**2 - 8*f + 35. Determine n(y).
155
Let b(g) = 3*g**3 - 27 + 5*g**3 - 15*g**2 + 33*g - 22*g**3 + 3*g**3 + 10*g**3. What is b(-17)?
-10
Let v = 102 + -100. Suppose 0 = -4*s - 7*h + 2*h - 199, -v*s + 4*h = 132. Let q = -49 - s. Let k(n) = -n**3 + 7*n**2 - n + 9. Determine k(q).
2
Let q = 2207 - 1405. Let g = 794 - q. Let j(i) = -3*i - 25. Calculate j(g).
-1
Suppose 4*b + 28 = -b + a, -2 = -b + 4*a. Let r(f) be the first derivative of -f**4/4 - 2*f**3 + 5*f + 64. Give r(b).
5
Let v(r) = 2*r**3 - 20*r**2 + 5*r + 117. Let i be v(9). Let o(c) = c**3 - 2*c**2 + 19*c. What is o(i)?
0
Suppose 4*p + 4*q + 97 = 9*p, -3*p + 4*q + 47 = 0. Let j(u) = u**2 - 29*u + 37. Calculate j(p).
-63
Suppose -15*b - 62 = -10*b + 6*h, 5*b = 5*h - 95. Let l(y) = -y**2 - 18*y + 15. Determine l(b).
47
Let l(i) = -699*i + 4189. Let r be l(6). Let j(d) = d**2 + 10*d + 8. What is j(r)?
-17
Let z(b) = 6*b - 2. Let w(y) = -13*y**2 + 36*y - 60. Let o(n) = -11*n**2 + 35*n - 60. Let x(t) = -6*o(t) + 5*w(t). Let m be x(28). Give z(m).
22
Let i(q) be the second derivative of 13*q**3/6 + 4*q**2 - 2*q - 189. Calculate i(-1).
-5
Let a(p) = 4*p**3 + 32*p**2 + 28*p - 9. Let t be a(-7). Let v(s) = -13*s - 108. Give v(t).
9
Let o(r) = -75*r**3 - 5*r**2 - 8*r + 20. Let n(b) = -13*b**3 - b**2 - b + 3. Let c(y) = 6*n(y) - o(y). Give c(1).
-4
Let c(z) be the second derivative of z**4/2 - 7*z**3/3 + 5*z**2/2 + 259*z - 1. Calculate c(4).
45
Let b(d) be the first derivative of -d**2 - d - 1629. Let m = 8 - 5. Let i be m/6 - (-1)/2. Give b(i).
-3
Suppose 4*y + 20 = -2*m, m - 3*m = 5*y + 25. Suppose m = 4*u + 35 - 3. Let s be u/(-6)*1/4*6. Let r(c) = -3*c**3 + 2*c**2 + c - 1. What is r(s)?
-15
Let x be 4 + 8 + 20/(-5). Let h(t) = -t**2 + t - 1. Let n(k) = 5*k - 6 + 5*k**2 + 0*k - 7*k**2 + 6*k**2. Let l(a) = -5*h(a) - n(a). What is l(x)?
-5
Let d(l) be the first derivative of -2*l**3/3 - 39*l**2/2 - 184*l - 8652. Determine d(-8).
0
Let c(v) = -1. Let i(k) = -k**3 + 3*k**2 + 7*k + 25. Let o be i(5). Let b(a) = 2*a - 6. Let d(r) = o*c(r) - b(r). What is d(-4)?
4
Let r(x) = 8*x - 66. Suppose 33*l - 45 = 28*l. Give r(l).
6
Suppose -9*o - 32 = -25*o. Let w(a) = o*a + 3*a**2 + 3*a - 4*a - 4*a**2 - 13. Calculate w(0).
-13
Let t(c) = 7*c**2 - 8*c - 1 + 9*c - 4 + c**3. Let u(z) = 2*z**3 + 8*z**2 - 4. Let a(i) = -3*t(i) + 2*u(i). Suppose -25 = -2*r - 3*r. What is a(r)?
-8
Let s(p) = -3*p + 10. Let y be (-1)/((-7)/29302*-7). Let x = y + 601. Calculate s(x).
1
Let o(q) be the second derivative of -q**4/4 + q**3/3 + q**2 + 1766*q - 1. What is o(2)?
-6
Let o(f) = -3*f + 1. Suppose -d + 59*n + 22 = 55*n, 3*n = 5*d - 127. Suppose -2*l - 2*z + 2 = -l, -l = z - 4. Let u be (l/4)/(13/d). Calculate o(u).
-8
Let x(v) = -4*v**2 + 12343 + 7*v - 3602*v**3 + 3601*v**3 - 12337. Let a = 5 - 9. Calculate x(a).
-22
Suppose 5 = -m - j, 7*m - 2*m = 2*j - 18. Let b(c) = 2*c + 35 - c**3 - 41 - c**2 - 2*c**2 + 3. Determine b(m).
5
Let b(j) = 2*j**2 - 1. Let o(p) be the third derivative of -p**4/4 - 16*p**3/3 - 12*p**2 - p. Let l be o(-5). What is b(l)?
7
Let h(g) = -g**3 + 5*g**2 + 10*g - 10. Suppose -f = 5, b - f + 8 = 19. Determine h(b).
14
Let z(c) = -c - 2. Suppose 0 = -92*u + 99*u + 385. Suppose 0 = -4*x + 2*a - 260, -3*a = 3*x - 0*a + 177. Let l = u - x. Give z(l).
-10
Let w(c) = -4*c**2 + 3*c + 116. Let f be w(-5). Let s(t) be the first derivative of -7*t**2/2 - t + 13. Calculate s(f).
-8
Let r = -2 - -6. Let a(f) = 29*f + 27. Let j(i) = -25*i - 22. Let w(h) = 6*a(h) + 7*j(h). Determine w(r).
4
Let q be (-350)/420 + 11/6. Let m(w) = q + w**2 + w**3 + 2*w**2 - 2*w**2 + 25*w - 48*w + 24*w. Calculate m(-1).
0
Let m(l) = -23*l - 8. Let o(g) = 3*g**3 - 32*g**2 - 92*g + 11. Let p be o(13). Determine m(p).
38
Let s(k) = 2*k**2 - 3*k. Suppose 0 = 2*u + 4*o + 2, -109*u - 7*o = -114*u + 63. What is s(u)?
77
Suppose i + 212 - 206 = 3*f, 4*f = -3*i - 44. Let n(t) = t**2 + 9*t - 5. Calculate n(i).
31
Let j(t) = -19*t**2 + t. Let a(g) = g**3 - 49*g**2 + 28*g - 20. Let w(k) = -a(k) + 2*j(k). Calculate w(8).
4
Let w(d) = -d - 2. Suppose 3 = -0*b - 2*b + l, 0 = -4*b - 2*l + 6. Let a be (-2 - 0)*1 + b + 2. Suppose 11*n - 7*n + 4 = a. Give w(n).
-1
Let g be (20/40)/((-1)/2)*-3. Let j(v) = -v**3 + 4*v**2 - 3*v + 2. Let p be j(g). Let n(a) = 8*a**2 - 4*a + 2. Calculate n(p).
26
Let k(r) = -3*r**3 - 38*r**2 - 38*r - 529. Let b(z) = 4*z**3 + 50*z**2 + 52*z + 705. Let u(i) = 7*b(i) + 9*k(i). Determine u(-8).
-2
Let a(r) = -r**3 - r**2 - 2. Let x be a(-2). Let i(f) = 10*f**2 + f**3 + 7*f**x - 15*f**2 - 3*f. Determine i(-3).
0
Let m(f) = -4*f + 12*f - 24*f**2 - 6*f - 3 - 4*f. What is m(-1)?
-25
Let o(v) = 3*v**3 + 4*v**2 + 21*v + 97. Let g be o(-6). Let c = g - -517. Let j(s) = s + 24. Calculate j(c).
8
Let f = -45 + 78. Let z(r) = 25*r + f*r + 19 - 84*r + 25*r. Calculate z(11).
8
Let n(x) = -5*x + 1. Let s(l) = -18*l - 14. Let a be s(-1). Suppose w - 3 = -2*h + a, w - 4 = -h. Give n(h).
-14
Suppose 1133*x - 1204*x - 710 = 0. Let o(w) = -3*w**3 - 5*w**2 - 5*w**2 + 2*w**3. Calcu